{"id":2056,"date":"2020-12-01T00:07:21","date_gmt":"2020-12-01T03:07:21","guid":{"rendered":"http:\/\/www.i12.com.ar\/i12\/?page_id=2056"},"modified":"2026-02-19T08:52:08","modified_gmt":"2026-02-19T11:52:08","slug":"ingresantes-2021","status":"publish","type":"page","link":"http:\/\/www.i12.com.ar\/i12\/?page_id=2056","title":{"rendered":"Ingresantes"},"content":{"rendered":"<h1 id=\"ciclo-lectivo-2024:-cuando-empiezan-las-clases-en-la-provincia-de-buenos-aires\" class=\"article-headline left \" style=\"text-align: center;\"><strong>Ciclo lectivo 2026<\/strong><\/h1>\n<h3 class=\"solid\" style=\"text-align: center;\"><strong>Preinscripci\u00f3n desde el 1\/12\/2025<\/strong><\/h3>\n<p class=\"has-text-align-center\"><strong><em>El Instituto Superior de Formaci\u00f3n T\u00e9cnica N\u00ba 12 es un Establecimiento Educativo de nivel superior no universitario dependiente de la Direcci\u00f3n de Educaci\u00f3n Superior de la Direcci\u00f3n General de Cultura y Educaci\u00f3n de la Provincia de Buenos Aires. <\/em><\/strong><\/p>\n<p class=\"has-text-align-center\" style=\"text-align: left;\"><strong>Las carreras aprobadas para el ciclo lectivo 2026 son:<\/strong><\/p>\n<pre class=\"wp-block-preformatted\" style=\"background-color: #e5d3a5;\"><span style=\"color: #000000;\"><strong><span style=\"color: #333300;\">Tecnicatura Superior en Internet de las Cosas y Sistemas Embebidos<\/span> <span style=\"color: #000080;\">(<a style=\"color: #000080;\" href=\"http:\/\/www.i12.com.ar\/i12\/wp-content\/uploads\/2023\/03\/Anexo-I_Internet-de-las-cosas_IF-2022-42723468-GDEBA-SSEDGCYE-1.pdf\">Resoluci\u00f3n 3780\/22<\/a>)<\/span><\/strong><\/span><\/pre>\n<pre class=\"wp-block-preformatted\" style=\"background-color: #f0cee8;\"><span style=\"color: #000000;\"><strong><span style=\"color: #333300;\">Tecnicatura Superior en Ciencia de Datos e Inteligencia Artificial<\/span> <span style=\"color: #000080;\">(<a style=\"color: #000080;\" href=\"http:\/\/www.i12.com.ar\/i12\/wp-content\/uploads\/2026\/02\/Rectificatoria-Ciencia-de-Datos-e-IA-RES-6189-25-y-Anexo.pdf\">Resoluci\u00f3n 6189-25<\/a>)<\/span><\/strong><\/span><\/pre>\n<pre class=\"wp-block-preformatted\" style=\"background-color: #e6ff33;\"><strong><span style=\"color: #333300;\">Tecnicatura Superior en An\u00e1lisis de Sistemas<\/span><a href=\"http:\/\/www.i12.com.ar\/i12\/wp-content\/uploads\/2019\/12\/sistemas679019.pdf\"><span style=\"color: #000080;\"> (Resoluci\u00f3n 6790\/19)<\/span> <\/a><\/strong><br \/>(Duraci\u00f3n: 3 a\u00f1os, cursadas de lunes a viernes de 8 a 12:10 horas)<\/pre>\n<pre class=\"wp-block-preformatted\" style=\"background-color: #e5d3a5;\"><strong><span style=\"color: #333300;\">Tecnicatura Superior en Desarrollo de Software<\/span> <span style=\"color: #000080;\"><a style=\"color: #000080;\" href=\"http:\/\/www.i12.com.ar\/i12\/wp-content\/uploads\/2019\/11\/DesarrolloSoftware-5847-19.pdf\">(Resoluci\u00f3n 5847\/19)<\/a><\/span><\/strong><br \/>(Duraci\u00f3n: 3 a\u00f1os, cursadas de lunes a viernes de 18 a 22:10 horas)<\/pre>\n<pre class=\"wp-block-preformatted\" style=\"background-color: #f0cee8;\"><strong><span style=\"color: #333300;\">Tecnicatura Superior en Administraci\u00f3n Contable<\/span> <span style=\"color: #000080;\">(<a href=\"http:\/\/www.i12.com.ar\/i12\/wp-content\/uploads\/2025\/12\/Rectificatoria-Administracion-Contable-RES-6338-25-Y-ANEXO.pdf\">Resoluci\u00f3n 6338\/25<\/a>)<\/span><\/strong><br \/>(Duraci\u00f3n: 3 a\u00f1os, cursadas de lunes a viernes de 8 a 12:10 horas)<\/pre>\n<pre class=\"wp-block-preformatted\" style=\"background-color: #c6e9f3;\"><strong><span style=\"color: #333300;\">Tecnicatura Superior en Administraci\u00f3n Financiera<\/span><span style=\"color: #000080;\"> (<a style=\"color: #000080;\" href=\"http:\/\/www.i12.com.ar\/i12\/?attachment_id=3306\">Resoluci\u00f3n 456\/23<\/a>)<\/span><br \/><\/strong>(Duraci\u00f3n: 3 a\u00f1os, cursadas de lunes a viernes de 18 a 22:10 horas)<\/pre>\n<pre class=\"wp-block-preformatted\" style=\"background-color: #c1e5ae;\"><strong><span style=\"color: #333300;\">Tecnicatura Superior en Higiene, Seguridad y Ambiente Laboral<\/span> <span style=\"color: #000080;\">(<a href=\"http:\/\/www.i12.com.ar\/i12\/wp-content\/uploads\/2025\/12\/RSC-2025-6183-Higiene-Segur-y-Ambiente-Laboral-2-archivos-fusionados.pdf\">Resoluci\u00f3n 6183\/25<\/a>)<\/span><\/strong><br \/>(Duraci\u00f3n: 3 a\u00f1os, cursadas de lunes a viernes de 8 a 12:20 \u00f3 de \u00a013 a 17.20 \u00f3 de 18 a 22:20 horas y pr\u00e1cticas profesionalizantes los s\u00e1bados por la ma\u00f1ana o por la tarde)<\/pre>\n<pre class=\"wp-block-preformatted\" style=\"background-color: #f38f55;\"><strong><span style=\"color: #333300;\">Tecnicatura Superior en Ceremonial y Protocolo<\/span><span style=\"color: #000080;\"> (<a style=\"color: #000080;\" href=\"http:\/\/www.i12.com.ar\/i12\/wp-content\/uploads\/2022\/09\/Resolucion-1623-04.pdf\">Resoluci\u00f3n 1623-04<\/a>),<\/span> <\/strong><br \/>(Duraci\u00f3n: 3 a\u00f1os, cursada con proyectos pedag\u00f3gicos combinados)<\/pre>\n<pre class=\"wp-block-preformatted\" style=\"background-color: #f69796;\"><strong><span style=\"color: #333300;\">Certificaci\u00f3n Superior en: Salud y Seguridad Ocupacional en el Trabajo en los Establecimientos de Salud<\/span> <span style=\"color: #000080;\"><a style=\"color: #000080;\" href=\"http:\/\/www.i12.com.ar\/i12\/wp-content\/uploads\/2019\/11\/CertificacionensaludRes-302-10.pdf\">(Resoluci\u00f3n N\u00b0 302\/10)<\/a><\/span><\/strong><br \/>(Duraci\u00f3n: 1 a\u00f1o, cursada intensiva los s\u00e1bados de 8 a 13 Hs, <b>solo para T\u00e9cnicos, Licenciados y\/o Ingenieros en Seguridad e Higiene<\/b>). Las Practicas Profesionalizantes en d\u00edas y horarios a coordinar con las Instituciones Oferentes.<\/pre>\n<p class=\"has-text-align-center\"><strong>REQUISITOS DE INGRESO:<\/strong><\/p>\n<ol>\n<li>Haber completado los estudios de Nivel Medio\/Secundario o tener certificado de t\u00edtulo en tr\u00e1mite, no se acepta el de alumno regular.<\/li>\n<li>Pre-inscribirse.<\/li>\n<li>Presentar la documentaci\u00f3n.<\/li>\n<li>Acreditar el Curso Inicial.<\/li>\n<\/ol>\n<ul>\n<li><span style=\"font-family: arial, sans-serif;\"><strong>IMPORTANTE<\/strong>: PARA FORMALIZAR LA INSCRIPCI\u00d3N DEBER\u00c1 PRESENTAR LA SIGUIENTE DOCUMENTACI\u00d3N A PARTIR DEL 1\/12\/2025 HASTA EL 6\/3\/2026. Receso de verano desde el 30\/12\/2025 al 31\/01\/2026.<\/span><\/li>\n<\/ul>\n<ol>\n<li><b>Realizar Preinscripci\u00f3n <\/b>(SIN EXCEPCI\u00d3N)<b>:\u00a0<\/b> <a href=\"https:\/\/www.dasintranet.com\/sigiba\/i12\/2022\/acceso\" target=\"_blank\" rel=\"noopener\">Aqu\u00ed<\/a><\/li>\n<li>Fotocopia del Certificado anal\u00edtico de estudios secundarios, con N\u00famero de Registro en la Provincia de Buenos Aires o Certificado de T\u00edtulo en tr\u00e1mite o constancia general especificando materias adeudadas (en este caso son condicionales), no sirve el de alumno regular, ni t\u00edtulo extranjero sin la convalidaci\u00f3n en Argentina. (SIN EXCEPCI\u00d3N)<\/li>\n<li>Fotocopia del D.N.I. (SIN EXCEPCI\u00d3N)<\/li>\n<li>Certificado de aptitud psico-f\u00edsica, firmado por un profesional m\u00e9dico. (No sirve \u00abgoza de buena salud\u00bb)\u00a0<\/li>\n<li>Una fotos tipo carnet.<\/li>\n<li>Planilla de Inscripci\u00f3n completa e impresa en hoja oficio: <a href=\"http:\/\/www.i12.com.ar\/i12\/wp-content\/uploads\/2024\/12\/Planilla-de-inscripcion-ISFT-N%C2%B0-12-1.pdf\" target=\"_blank\" rel=\"noopener\">Planilla de inscripci\u00f3n a carrera.<\/a><\/li>\n<li>Presentar toda la documentaci\u00f3n solicitada a partir del 1\/12\/2025.<\/li>\n<li>Bono colaboraci\u00f3n Asociaci\u00f3n Cooperadora: $15.000.-<\/li>\n<\/ol>\n<p><strong style=\"font-size: inherit; text-align: center;\">La documentaci\u00f3n se entrega en folio tama\u00f1o oficio ,sin excepci\u00f3n.<\/strong><\/p>\n<p>Los Inscriptos en la carrera TS en Ceremonial y Protocolo, comisi\u00f3n 1\u00b02\u00b0 escribir al email <a href=\"mailto:documentacionceremoniali12@gmail.com\">documentacionceremoniali12@gmail.com<\/a>, asunto \u00abIngresante 2026\u00bb por la entrega de documentaci\u00f3n.<\/p>\n<p>Los inscriptos en la carrera TS en Higiene y Seguridad en el Trabajo y se encuentren en lista de espera ser\u00e1n reubicados en otras comisiones hasta que se genere la vacante en el turno solicitado.\u00a0 Entregar la documentaci\u00f3n.<\/p>\n<div><strong>Horario de recepci\u00f3n de documentaci\u00f3n:\u00a0<\/strong><\/div>\n<div>\u00a0<\/div>\n<div>Turno Ma\u00f1ana de\u00a0 \u00a0 9:00 A 12:00 HS .<\/div>\n<div>Turno Tarde\u00a0 de\u00a0 \u00a0 \u00a014:00 A 17:00 HS .<\/div>\n<div>Turno Noche de\u00a0 \u00a0 \u00a019:00 A 22:00 HS .<\/div>\n<p>\u00a0<\/p>\n<hr \/>\n<p class=\"has-text-align-center\">POR CONSULTAS SOBRE INSCRIPCIONES 2026 ESCRIBIR A <a href=\"mailto:bibliotecaidoce@gmail.com\"><strong>bibliotecaidoce@gmail.com<\/strong><\/a><\/p>\n<hr \/>\n<div class=\"wp-block-file\">\u00a0<\/div>\n<div class=\"wp-block-file\">\u00a0<\/div>\n<div class=\"wp-block-file\"><a href=\"http:\/\/www.i12.com.ar\/i12\/wp-content\/uploads\/2019\/11\/resolucion_nro2383_reglamento_institutos_superiores2.pdf\">Resolucion Nro 2383 Reglamento de Institutos Superiores<\/a><a class=\"wp-block-file__button\" href=\"http:\/\/www.i12.com.ar\/i12\/wp-content\/uploads\/2019\/11\/resolucion_nro2383_reglamento_institutos_superiores2.pdf\" download=\"\">Descarga<\/a><\/div>\n\n\n<div class=\"wp-block-file\"><a href=\"http:\/\/www.i12.com.ar\/i12\/wp-content\/uploads\/2024\/11\/IF-2024-38567372-GDEBA-SDIFDIDGCYE-2.pdf\">R\u00e9gimen Acad\u00e9mico Marco Jurisdiccional. ANEXO I         <\/a><a href=\"http:\/\/www.i12.com.ar\/i12\/wp-content\/uploads\/2024\/11\/IF-2024-38567372-GDEBA-SDIFDIDGCYE-2.pdf\" class=\"wp-block-file__button\" download>Descarga<\/a><\/div>\n\n\n\n<div class=\"wp-block-file\"><a href=\"http:\/\/www.i12.com.ar\/i12\/wp-content\/uploads\/2024\/11\/IF-2024-37932840-GDEBA-DPESUPDGCYE.pdf\">R\u00e9gimen Acad\u00e9mico Marco Jurisdiccional. ANEXO II<\/a><a href=\"http:\/\/www.i12.com.ar\/i12\/wp-content\/uploads\/2024\/11\/IF-2024-37932840-GDEBA-DPESUPDGCYE.pdf\" class=\"wp-block-file__button\" download>Descarga<\/a><\/div>\n\n\n\n<div class=\"wp-block-file\"><a href=\"http:\/\/www.i12.com.ar\/i12\/wp-content\/uploads\/2024\/11\/IF-2024-37932766-GDEBA-DPESUPDGCYE.pdf\">R\u00e9gimen Acad\u00e9mico Marco Jurisdiccional. ANEXO III<\/a><a href=\"http:\/\/www.i12.com.ar\/i12\/wp-content\/uploads\/2024\/11\/IF-2024-37932766-GDEBA-DPESUPDGCYE.pdf\" class=\"wp-block-file__button\" download>Descarga<\/a><\/div>\n","protected":false},"excerpt":{"rendered":"<p>Ciclo lectivo 2026 Preinscripci\u00f3n desde el 1\/12\/2025 El Instituto Superior de Formaci\u00f3n T\u00e9cnica N\u00ba 12 es un Establecimiento Educativo de<\/p>\n","protected":false},"author":1,"featured_media":0,"parent":0,"menu_order":0,"comment_status":"closed","ping_status":"closed","template":"","meta":[],"_links":{"self":[{"href":"http:\/\/www.i12.com.ar\/i12\/index.php?rest_route=\/wp\/v2\/pages\/2056"}],"collection":[{"href":"http:\/\/www.i12.com.ar\/i12\/index.php?rest_route=\/wp\/v2\/pages"}],"about":[{"href":"http:\/\/www.i12.com.ar\/i12\/index.php?rest_route=\/wp\/v2\/types\/page"}],"author":[{"embeddable":true,"href":"http:\/\/www.i12.com.ar\/i12\/index.php?rest_route=\/wp\/v2\/users\/1"}],"replies":[{"embeddable":true,"href":"http:\/\/www.i12.com.ar\/i12\/index.php?rest_route=%2Fwp%2Fv2%2Fcomments&post=2056"}],"version-history":[{"count":109,"href":"http:\/\/www.i12.com.ar\/i12\/index.php?rest_route=\/wp\/v2\/pages\/2056\/revisions"}],"predecessor-version":[{"id":3838,"href":"http:\/\/www.i12.com.ar\/i12\/index.php?rest_route=\/wp\/v2\/pages\/2056\/revisions\/3838"}],"wp:attachment":[{"href":"http:\/\/www.i12.com.ar\/i12\/index.php?rest_route=%2Fwp%2Fv2%2Fmedia&parent=2056"}],"curies":[{"name":"wp","href":"https:\/\/api.w.org\/{rel}","templated":true}]}}